 are the prime factors of c(v)?
2, 7, 37
What are the prime factors of 29634/4*((-35)/(-5) + 38/(-6))?
11, 449
Let s(f) = -f**3 - 81*f**2 + 226*f + 58. What are the prime factors of s(-85)?
2, 2437
Suppose 0 = -24*n + 28*n + 4. Let t(y) = 375*y**2 + 3*y + 2. List the prime factors of t(n).
2, 11, 17
Suppose 314139 = -106*v + 155*v. List the prime factors of v.
3, 2137
Let x = -550 - -1011. Suppose 10*z + x = 4291. What are the prime factors of z?
383
Let y be (2 - 1) + (-308)/(-14). Let u = y - -346. List the prime factors of u.
3, 41
Suppose -2018*n = -2044*n + 74386. What are the prime factors of n?
2861
Suppose 573*k = 34750149 + 11626969 + 3005168. List the prime factors of k.
2, 41, 1051
Suppose -4*m - s - 5 = -17, -4*m + 3*s + 28 = 0. Let h(g) = 58*g**2 + 2*g. Let r be h(m). List the prime factors of r/15 - 16/40.
2, 31
Suppose 0 = -5*y + 2*f + 132745, 813*y - 814*y + 26549 = -f. What are the prime factors of y?
139, 191
Let w(f) = 7*f**2 + 15. Let u be w(-4). Suppose -4*b + 188 = 4*j, -3*b - u = -4*j + 89. List the prime factors of j.
3, 17
Let i = 2 + 0. Suppose 0 = -2*p + 2*c - 62, -i*p + 2*c + 50 = -4*p. Let w = p + 65. List the prime factors of w.
37
Suppose 5*q - 13 - 32 = 0. Let f be 0 + 3108/108 - 2/(-9). Let k = q + f. What are the prime factors of k?
2, 19
Let q = -29 + 25. List the prime factors of 3144/q*6/(-12).
3, 131
Let t = -1919 + 8956. What are the prime factors of t?
31, 227
Let z(v) = -2*v**2 - 25*v - 9*v**2 + 32 + v**3 - 4*v**2 + 0*v**3. What are the prime factors of z(18)?
2, 277
Suppose -8*f + 840 = 333 - 1893. List the prime factors of f.
2, 3, 5
Let m = 26544 + -14532. List the prime factors of m.
2, 3, 7, 11, 13
Suppose -113*p + 2*s = -117*p + 143362, -5*s = -5*p + 179210. What are the prime factors of p?
3, 13, 919
Suppose 6*d + 21 + 69 = 0. Let y = d - -18. Suppose -5*p + 403 = y*k - p, 0 = k - p - 146. List the prime factors of k.
3, 47
Suppose 4 = -c, 131468 = 4*r - 25*c + 24*c. List the prime factors of r.
2, 16433
Suppose 1161502 - 516851 = 151*u - 1623369. What are the prime factors of u?
2, 5, 751
Let c(y) = -4*y**3 - 4*y**2 - 3*y**2 + 8*y**2 - 6*y - 42 + y**3. What are the prime factors of c(-4)?
2, 5, 19
Let t(i) = -465*i**2 + i + 6. Let w be t(-2). Let r = 2732 + w. List the prime factors of r.
2, 3, 73
Let h(l) = 499*l**2 + 99*l - 7. What are the prime factors of h(5)?
3, 29, 149
Suppose -8*h - 336 = -64. What are the prime factors of (-1 - (-5)/(-1))*1479/h?
3, 29
Let x be 1 - (-5 - -3) - (-2 - -2). Suppose -6 = -x*g, v - 374 = -g + 235. What are the prime factors of v?
607
Suppose 20*r - 18*r = 6. Let a be (2/r)/(32/6768). Suppose -o = 2*o - a. List the prime factors of o.
47
Let q(u) = -113*u**3 + 4*u**2 - 7*u - 11. Let f be q(-5). Suppose 0 = 38*k - 32909 - f. List the prime factors of k.
17, 73
Let d(s) = 12*s**2 + 13*s + 13. Let f be d(-1). List the prime factors of 154 + -12*(-4)/f.
2, 79
Suppose 247 = 4*g - 3*d, 4*g + 4*d = 3*d + 227. Let y = g + -111. Let r = 59 + y. List the prime factors of r.
2, 3
Suppose -5*p - 62536 = -2*s, 79*p - 76*p - 125020 = -4*s. List the prime factors of s.
2, 15629
Let m be (-6)/(-2*2/6). Suppose -4*j = 2*z + 22, j - 2*j - m = 4*z. List the prime factors of (11/(-5) - 1/j) + 62.
2, 3, 5
Suppose 3*s + 4*d - 149655 = 20424, -3*d + 56703 = s. What are the prime factors of s?
3, 5, 3779
List the prime factors of (-3298869)/(-441) - (2 - 18/7).
7481
Let m(k) = 22*k - 111. Let r = 359 - 347. What are the prime factors of m(r)?
3, 17
Let l be (19 + -4)/(-5) - 286. Let g = l - -650. List the prime factors of g.
19
Suppose -25 = -15*k + 10*k. Suppose 5*i + 0 = k*p - 15, 2*p + 9 = -3*i. What are the prime factors of ((-11)/i)/(1/3)?
11
Let u(r) = r**2 + 31*r + 6. Let k be u(-27). Let v = 455 + k. What are the prime factors of v?
353
Suppose -6*v + 10435 - 61549 = 0. What are the prime factors of v/(-14) + (-6)/4?
607
Let g(p) = 24*p**2 - p - 175. List the prime factors of g(14).
3, 5, 7, 43
Let q = 74337 + -38021. What are the prime factors of q?
2, 7, 1297
Let k be 4*145/10 - 5. Suppose 2*j - 1027 = -k. List the prime factors of j.
487
Suppose g + 2*y - 940 = 0, 925 = g - 8*y + 7*y. Let p = -626 + g. List the prime factors of p.
2, 19
Let k be (6/(-10))/((6/2)/(-30)). Suppose -4*j + 2*q - 106 = -k*j, -4*j + 177 = -3*q. What are the prime factors of j?
2, 3
Let x = 12600 - 5641. What are the prime factors of x?
6959
Let n = 3496 + -2116. Let x = n - 972. What are the prime factors of x?
2, 3, 17
Let s = -26 - -29. Suppose 2*x = -9 + s, -3*w + 3*x = -90. Suppose 0*l - w = -g + l, 4*g = 3*l + 105. What are the prime factors of g?
2, 3
What are the prime factors of 763/(-436) - 56247/12*-7?
7, 43, 109
What are the prime factors of (-25 - 0)/(22/(-88)*1)?
2, 5
List the prime factors of 6904 + 10/45 + 60/(-27).
2, 7, 17, 29
Suppose -5*z + 3*q + 29499 = 0, 5*z + 346*q = 345*q + 29507. List the prime factors of z.
3, 7, 281
Suppose 2*c - 76 = -2*v + v, 25 = -5*c. Let a = v + -86. Let b(k) = k**2 + 199. What are the prime factors of b(a)?
199
Let l be (4/(-8))/((-3)/906). Let x = 239 + l. What are the prime factors of x?
2, 3, 5, 13
Let i = -267 - -261. Let f(z) = -93*z. What are the prime factors of f(i)?
2, 3, 31
Let k be (-47 + 37)*(-1)/(-2) - -9825. Suppose 0 = 5*b + 5*p - 3*p - k, 2*b = 4*p + 3904. What are the prime factors of b?
2, 3, 109
Suppose f = -2*t + 4462, f = t + 1143 - 3371. What are the prime factors of t?
2, 5, 223
Let a(d) = d**3 - d**2 - d - 1. Let t(h) = 2*h**3 - 6*h**2 + 2*h + 7. Let j(s) = -a(s) + t(s). Let g be j(5). Suppose c = g - 7. List the prime factors of c.
2
Suppose f + 17 = -4*n, 13*n = 9*n + 4*f - 32. Let k = -3 + -1. List the prime factors of ((k - n) + 37)*1.
2, 19
Suppose -65*j - 41463 = -70*j + w, 0 = 4*j - 5*w - 33183. List the prime factors of j.
2, 3, 691
Let s = -125 - -124. Let a(x) be the third derivative of 103*x**5/60 - x**4/12 - x**3/2 + 9*x**2. What are the prime factors of a(s)?
2, 3, 17
Let y = 546 + -560. What are the prime factors of (-3026)/y + (21/(-49))/3?
2, 3
Let m(s) = 1772*s + 1523. What are the prime factors of m(5)?
3, 3461
Let f = -1 + 4. Suppose 0 = 3*y - 5*h - 3077, -f*h = 2*y + 548 - 2593. List the prime factors of y.
2
Suppose -2*o = -0*o + r - 505, 2*r = 2. List the prime factors of ((-105)/6)/((-6)/o).
3, 5, 7
Let x(c) = 6*c + 71. Let l(w) = w + 2. Let b(n) = 4*l(n) + x(n). What are the prime factors of b(28)?
359
Suppose 4*l + 56452 = 2*c, 0 = 4*c - 109*l + 113*l - 112916. What are the prime factors of c?
2, 7057
Let r(o) = -4*o**3 - 26*o**2 + 3*o - 31. What are the prime factors of r(-18)?
7, 29, 73
Suppose -3*q = g - 6*q - 320, -q = 0. List the prime factors of g.
2, 5
Let l = -5 - -28. Let c = l + -18. Let g = 47 - c. What are the prime factors of g?
2, 3, 7
List the prime factors of 4465443/84 - 6/168.
2, 3, 5, 443
Let y = -60 + 24. Let s = y + 40. Suppose -s*b - 4*b = -504. What are the prime factors of b?
3, 7
Let t be 2 - (117/(-3))/(-3). Let i(h) = -2*h**3 - 8*h**2 + 65*h - 11. List the prime factors of i(t).
2, 11
Suppose y - i - 11162 = 0, -12*y - i - 44660 = -16*y. List the prime factors of y.
2, 3, 1861
Suppose -31605 = -29*g + 63254. List the prime factors of g.
3271
Let k be (-103)/(-1*4/40). Suppose 0 = 4*x - o - 1369, -7*x + k = -4*x - 4*o. List the prime factors of x.
2, 3, 19
Let t = -422 + 418. What are the prime factors of (9 + (-102)/(-8))/((-1)/t)?
3, 29
Suppose -3*k + v = -0 - 14, v = 5*k - 26. List the prime factors of k + -6 - 6 - -106.
2, 5
Let b = 124 - 122. Suppose 2*v = b*f - 3*f + 69, -3 = 3*v. List the prime factors of f.
71
What are the prime factors of (15 - 3) + 176*35?
2, 1543
Let s(f) = 18*f + 54. Suppose -13*a + 38 = -11*a. What are the prime factors of s(a)?
2, 3, 11
Suppose -31*s + 9952 = -15*s. List the prime factors of s.
2, 311
Let z(k) = 10938*k + 1461. What are the prime factors of z(2)?
3, 2593
Suppose 4*x = -3*c + 121, 2*c - x - 116 = -c. Suppose 0*v - 2*v - 3*g = 13, 4*g + 17 = -3*v. Suppose w - v = c. What are the prime factors of w?
2, 5
List the prime factors of (-341)/1705 - (-5)/(25/289986).
59, 983
Let w(d) = 244*d**2 - 112*d + 93. What are the prime factors of w(-13)?
5, 43, 199
Suppose 18*s - 155 = -13*s. Suppose s*k - 2*l = 3896, 2*k - 746 - 806 = 4*l.